2. Calculate z(r).
-13
Let o(m) = -3*m**2 + 3*m**2 + 1 + m**2 + m - 8. Suppose -9*g = 16*g - 12*g + 39. Determine o(g).
-1
Let h(c) be the first derivative of -c**3/3 + 5*c**2/2 - 4*c - 48. Let q be h(6). Let g(p) = p**3 + 11*p**2 + 10*p - 14. Determine g(q).
-14
Let m(o) = -7*o - 406. Let c be (290/25)/((-17)/85). Give m(c).
0
Suppose 140 - 168 = -14*f. Let i(x) be the second derivative of 0 - 2*x**f - 9*x + 1/3*x**3. Determine i(4).
4
Let a(c) = 0*c - 5*c**2 + 10 + 5 - 19*c. Let l(w) = 2*w**2 + 9*w - 7. Let n(t) = 4*a(t) + 9*l(t). Suppose -75 + 2038 = 626*q + 85. Calculate n(q).
-6
Let w(d) be the second derivative of -d**5/20 - d**4/3 - d**3/6 - 34*d - 1. Suppose 38 = -7*l - 32. Let p = l + 7. Give w(p).
-6
Let a(b) = b - 5. Let d be 10/55 + 53/11. Suppose p + d = -18. Let j = p - -27. What is a(j)?
-1
Let i(k) = -5*k - 24. Let m be i(20). Let l be (-3)/(m/56 + 2). Suppose -s + l = 11. Let d(x) = x - 1. Give d(s).
2
Let b(n) = n**2 - 7*n + 5. Let k(j) = 1. Let c(i) = b(i) - 4*k(i). Let q = -6 + 8. Suppose 5*d = -s + 30, 0 = 4*d - s + q*s - 24. Give c(d).
-5
Suppose -109*s + 113*s + r = -10, -4*r = 5*s - 4. Let f(x) = -16*x - 66. Calculate f(s).
-2
Let w(f) = 48*f**3 + 4*f**2 - 109*f - 7. Let k(i) = 17*i**3 + 2*i**2 - 37*i - 2. Let m(z) = -17*k(z) + 6*w(z). Give m(-5).
-8
Let i(l) = l**2 - 43*l + 1. Let w be i(0). Let h(n) = 52*n**3 + n - 1. What is h(w)?
52
Let n(w) = 38*w**2 + 55*w + 30. Let z(o) = 219*o**2 + 332*o + 182. Let a(f) = 23*n(f) - 4*z(f). Give a(-31).
-7
Let t(h) = -h**2 - 5*h - 7. Let a(d) = 3*d**2 + 36*d + 17. Let o be a(-16). Suppose 0 = -6*u - 5*u - o. Let w be 2/1 + -6 - (-18 - u). Give t(w).
-7
Let k(f) be the second derivative of -f**6/120 - 3*f**5/20 - 11*f**4/24 - 5*f**3/6 + 41*f**2/2 + 217*f. Let b(n) be the first derivative of k(n). What is b(-8)?
19
Suppose -120 = -17*t + 14*t. Suppose 1173*b = 1169*b - t. Let o(u) = -u**2 - 10*u + 6. Calculate o(b).
6
Let h = 20734/3 + -6911. Let u(b) be the third derivative of 0*b + 1/3*b**3 + 0 - 14*b**2 - h*b**4 - 1/60*b**5. Give u(-7).
9
Suppose -2*k + 6*v - 4 = 5*v, -5*v + 20 = 3*k. Suppose 5*q = 5*u + 5, -5*q + k*q - 3 = -u. Let i(r) = -r**2 - 3*r - 1. What is i(q)?
1
Suppose i + 1 + 1 = 0. Let d(l) = 112*l**2 - 7*l + 123. Let p(o) = 315*o**2 - 19*o + 345. Let c(n) = 14*d(n) - 5*p(n). Give c(i).
-25
Let a(i) = 2*i - 7. Let g be a(5). Let f(j) = -3*j - 4*j + j**2 - g + 0*j**2 + 8. Let k be (-5)/65*2 + 837/117. Calculate f(k).
5
Let n(l) = -l + 11. Let y be (-1)/(4/(-68)) + 10*(-10)/20. What is n(y)?
-1
Let z(w) = -w**3 + 25*w**2 + 13*w + 2. Let t(c) = -c**3 + 20*c**2 + 12*c + 1. Let n(s) = -3*t(s) + 2*z(s). Give n(11).
12
Let k(t) = -t**2 - 8*t - 19. Let f = 3827 + -3836. What is k(f)?
-28
Let w be (-56)/(-10) - (-3)/(-5). Suppose w*d = 3*d + 94. Let b(x) = -d + 26 - 8*x + 24. Calculate b(-3).
27
Let f(n) be the second derivative of n**6/120 - n**5/15 - n**4/6 - n**3/2 + n**2/2 - 3*n - 1. Let b(a) be the first derivative of f(a). Give b(5).
2
Let k(i) be the third derivative of -i**5/30 + i**4/6 + 10*i**3/3 + 50*i**2 - 6*i. Calculate k(0).
20
Let v(p) be the first derivative of 7*p**4 + p**3/3 - p - 817. Calculate v(1).
28
Suppose 5*n - 3*n = 5*o - 34, -5*n = -o + 62. Let m be ((-3)/15 + -1)*(-30)/n. Let c(t) = -6*t + 1. Give c(m).
19
Let d(f) = -4*f**2 - 54*f + 106. Let c be d(2). Let q(s) = -6*s - 31. Calculate q(c).
77
Let g(k) = -k**2 + 47*k - 70. Let r be (-418)/2717 + (-1174)/(-26). What is g(r)?
20
Let l = -4057 + 4022. Let y(k) = 3*k + 110. Give y(l).
5
Let g be 8/7 - 13/91. Let k(c) = 98*c - c**3 + 2*c**3 - g - 98*c + c**2. Calculate k(2).
11
Let m(z) = 30 + 13*z**2 + z**3 - 10 + 7*z - 20*z + 0*z + 10*z. Give m(-13).
59
Let z(r) be the second derivative of 2*r**3/3 + 6*r**2 + 2*r. Suppose -87*y - 314*y - 2401 = -58*y. Determine z(y).
-16
Suppose 10*k - 3 - 77 = 0. Suppose -2*c + 5*r = 46, 0 = -3*c - k*r + 3*r - 19. Let y(z) = z**2 + 12*z - 19. Give y(c).
-6
Suppose -59*v + 60*v = 0, -5*q - 2*v - v + 80 = 0. Let y(n) = -n - 9. What is y(q)?
-25
Let q(v) be the third derivative of -v**5/60 + 17*v**4/24 - 3*v**3/2 + 860*v**2 - v. What is q(0)?
-9
Suppose 0*v = 4*v - 4. Let w(l) be the second derivative of -1/6*l**3 + 11/20*l**5 + 24*l - 3 + 0*l**4 + 1/2*l**2. Calculate w(v).
11
Let u(d) = 71 + 26*d + 26 + 1221*d**2 - 21*d - 1222*d**2. What is u(-8)?
-7
Let l(w) = w**3 - 5*w**2 + 10*w - 30. Let m be (-65)/26*-16*(-5)/(-50). Calculate l(m).
-6
Let t(d) = -d**3 - 2*d**2 + 6. Let q be (-3 + 1)*(5 - 77/22). Determine t(q).
15
Let m be (-4 + 55/15)*-3. Let n(h) = -m - h**2 + 0*h**3 - 3 - 2*h**2 - h**3 - 3*h. Let d be (-28)/84 + 11/(-3). What is n(d)?
24
Let h = -2612 - -2596. Let q(y) = -y**2 - 21*y - 56. Calculate q(h).
24
Let h(j) = 4*j**2 - 28*j + 7. Let n be 1/(-4) - (-2225)/356 - -1. What is h(n)?
7
Let j(a) = -6*a**3 + a**2 - 8*a - 8. Let f(m) = -m - 1. Let n(d) = -2*f(d) - j(d). Determine n(-1).
-7
Let f(r) = 2*r + 21 + 0*r + 0. Give f(-8).
5
Let d be 10/4*8/10. Let o(h) be the first derivative of -1/4*h**4 + 1/3*h**3 - 163 + h**2 + h. Determine o(d).
1
Let u(k) = k**3 + 18*k**2 + 19*k + 16. Suppose 5*n + 26*b = 21*b - 80, -n + 2*b = 19. Give u(n).
-18
Let l(s) = -403*s**2 + 2 + 411*s**2 - 5. Let b(g) = -3*g**2 + 2. Let o(p) = 5*b(p) + 3*l(p). Give o(1).
10
Suppose -5*n = i + 81, 2*n = 3*n - i + 15. Let y(l) = l**2 + 15*l - 22. Determine y(n).
-6
Let d(r) = 3*r + 1. Let k be d(-3). Let b(u) be the third derivative of u**5/60 + u**4/8 - u**3 + u**2 + 1617*u. Give b(k).
34
Suppose 24 = -5*l + 4. Let p(q) be the third derivative of 1/6*q**3 + 0 - 5/24*q**4 + 0*q - 32*q**2. Calculate p(l).
21
Let z be (12/10 + -1)*(9 - 14). Let l be 5 + z/5 + (-72)/40. Let r(p) = -l*p**2 + 4*p**2 + 25 - 55 + 27 + 2*p. Give r(-4).
5
Let d(f) = f**3 + 2*f**2 + f + 2. Let y = 28 + -16. Suppose -y = 4*n - j, -j + 3*j + 9 = -3*n. Calculate d(n).
-10
Let c(v) = -18444*v - 18449*v + 19 + 36892*v. Calculate c(2).
17
Let q be -5 + (-4)/((-16)/28). Let w(h) = -215*h**2 - 5*h**3 + 4*h**3 + 2 - 3*h + 2*h**3 + 214*h**q. Let r(f) = f**2 + 4*f - 3. Let u be r(-5). What is w(u)?
0
Suppose -5*k + 3*u - 3168 = 0, -1271 = 2*k - 7*u + 2*u. Let b = k - -617. Let x(g) = g**3 + 16*g**2 + 4. What is x(b)?
4
Suppose 0 = -226*n + 126 + 330 + 222. Let z(v) = -3*v**2 - 16*v + 49. Calculate z(n).
-26
Suppose 16*k = 5*k - 803. Let u = k + 78. Let v(f) = f**3 - 6*f**2 + 4*f - 1. Give v(u).
-6
Let k(m) = m**3 - 6*m**2 + 2*m + 1. Suppose 174 - 104 = 14*h. Determine k(h).
-14
Let d(n) be the second derivative of -6*n**2 + 27*n + 0 - 1/6*n**3. Let w be ((-64)/48)/((-2)/(-12)). Calculate d(w).
-4
Let w = 3952 + -3950. Let k(g) = 19*g - 33. Determine k(w).
5
Let o(n) = -n**2 + 5*n**2 + 782 + 5*n**2 - 3*n**3 - 8*n + 2*n**3 - 783. Let r = 21 - 13. What is o(r)?
-1
Let p(a) = -54*a + 189. Let u(i) = 8*i - 27. Let l(y) = 4*p(y) + 30*u(y). Let n be l(18). Let g be 4/5 + n/90. Let m(z) = -z**2 + 6*z - 3. Determine m(g).
2
Let j(c) be the first derivative of c**4/4 - 2*c**3/3 + c**2 - 7*c + 1141. Calculate j(4).
33
Let u be 40/12*(-36)/(-20). Let y(o) = -7 + u*o - o**3 + 6*o**2 - 15*o**2 - 7 + 9. Give y(-10).
35
Let l(b) = -11977 + 11*b + 23954 - 11981. Determine l(4).
40
Let v(j) be the first derivative of 3*j**2/2 - 3*j - 2082. Determine v(12).
33
Let i(u) = u**2 + 9*u + 19. Let n = 5143 - 5150. Give i(n).
5
Let n(j) = -2*j - 12. Let d be n(-8). Suppose 0 = -58*o + 97 + 77. Suppose -w = o*v - d*v - 11, v = -2*w + 4. Let s(i) = -2*i - 8. What is s(v)?
4
Let a(m) be the first derivative of -m**2/2 - 25*m - 803. Give a(-12).
-13
Let r = 380 + -385. Let w(g) = -8*g**3 + 18*g**2 + g + 2. Let z(l) = 3*l**3 - 6*l**2 - 1. Let c(b) = 4*w(b) + 11*z(b). What is c(r)?
2
Suppose -2*y + 9 = 2*r + 3*y, 3*r + 39 = 3*y. Let m(g) = -5*g - 2*g + 603 - 1157 + 544. Calculate m(r).
46
Let f(v) = 3*v**2 + 1. Suppose -2*t + 98 - 80 = 0. Let k be ((-9)/4)/t + (-5)/(-4). Calculate f(k).
4
Suppose -x + 23*x = -4*x + 26. Let l(p) = p**2 + 3*p + 2. Let j be l(-2). Let f = x + j. Let y(t) = 10*t. Calculate y(f).
10
Let s(w) = 13*w**2 + 344*w - 316. Let f(i) = 41*i**2 + 1099*i - 949. Let d(o) = -6*f(o) + 19*s(o). Give d(-5).
5
Suppose -m - 2*b + 1 = -4, 5*b = 25. Let w be 8/20*m + (-120 - 0). Let p = -126 - w. Let t(a) = -a**3 - 4*a**2 - 2. What is t(p)?
-2